2*z**4 - j*z**5. Determine g(-1).
0
Let j(i) = i**2 - i + 3. Suppose -c - 5*o + 43 = 0, -4*c + 0*c = -o - 109. Suppose -19*h + c = -12*h. What is j(h)?
15
Let i(p) be the first derivative of -p**2 - 2*p - 1. Let d(n) = -n - 1. Let b(x) = 8*d(x) - 3*i(x). Determine b(-3).
4
Suppose -8*o + 43*o = -35. Let q(f) = -140*f. Let n(r) = 14*r. Let v(i) = -21*n(i) - 2*q(i). Determine v(o).
14
Suppose -5*r = 3*r. Let l(y) = 12 - 12 - 8 + r*y - y. Determine l(-4).
-4
Let r(d) = -d. Suppose 5*z + 6 - 11 = 0. Let s(c) = -c**3 - c**2 - 6*c. Let q(y) = z*s(y) - 6*r(y). Give q(-1).
0
Let g(f) be the second derivative of 1/360*f**6 + 0 + 1/30*f**5 + 2*f - 5/24*f**4 - f**3 + 0*f**2. Let a(t) be the second derivative of g(t). Calculate a(-4).
-5
Let v be (-1)/2*0/(-2). Let x be ((-4)/(-2) - v) + -5. Let u(g) = 3*g - 1. What is u(x)?
-10
Let k = 71 - 27. Let a = k - 17. Let z = -33 + a. Let d(g) = g**2 + 9*g + 8. Determine d(z).
-10
Let q(m) be the first derivative of -9*m**2/2 - m - 1. Suppose -6*i - 4 = -11*i + 3*w, -4*i + w = 1. Determine q(i).
8
Let b(g) = -4*g + 6. Let w be b(4). Suppose -3*z - 19 = -d + 2*z, -d = 3*z - 3. Let f = d + w. Let m(v) = 9*v**2 + 1. Give m(f).
10
Let b = -311 + 311. Let x(k) be the third derivative of 0 - 2/3*k**3 + b*k + 6*k**2 - 1/6*k**4. Give x(-3).
8
Suppose 0 = 19*r - 23*r + 20. Suppose r*n - 4*c - 12 = 0, 5*c + 4 + 11 = 3*n. Let k(t) = n*t**2 - 7*t - t**2 + 2*t**2 - 8 + 9. Give k(6).
-5
Let o(x) = x**3 + 7*x**2 - 2*x + 4. Let c(p) be the third derivative of -p**5/60 + 7*p**3 - 19*p**2. Let h be c(-7). Calculate o(h).
18
Let t = 13 - 8. Let a(b) = b**2 - 4*b + 1. Let i(n) = -1. Suppose 4*g - 5 = 2*o + 1, 0 = -5*o - 25. Let j(h) = g*a(h) - 4*i(h). Calculate j(t).
-2
Suppose -3*d = 5*b - 15, -1501*d = -1498*d - 5*b - 15. Let u(z) be the third derivative of z**4/24 - 7*z**3/6 - z**2. Determine u(d).
-2
Let y(h) = -5*h - 16*h + 5*h + 1. Determine y(2).
-31
Let j(i) = 109 + 5*i - 91 - 20. Determine j(-1).
-7
Let z be ((-4)/(-7))/((-104)/(-1092)). Let s(f) = -f**3 + 6*f**2 + 6. What is s(z)?
6
Let p(x) = 7*x + 36. Let k be p(-15). Let b = k - -63. Let o(g) = -g**2 - 7*g - 4. Calculate o(b).
2
Let j(y) = 4*y**2 - 2*y**3 - 4*y + 1 + 1 + 1. Let a be 36/(-6) + (-16)/(-2). Give j(a).
-5
Let u be 13/13 + (1 - -2). Let n(t) = -u*t**2 + 1 + t**3 - 3*t + 4 - 8 - 3. Give n(5).
4
Let d(p) = -17 - p + 2*p**3 + p**2 + 2*p**3 - 5*p**3. Let n(s) = s**3 - s**2 - 4. Let b be n(2). Suppose -h + b*h = h. Determine d(h).
-17
Let x(u) = -12 + u**2 + 11 - 3 - 3*u**2 + 6*u. Give x(4).
-12
Let l(z) = 22*z + 9. Let p(d) = 11*d + 4. Let c(s) = -3*l(s) + 7*p(s). Give c(-3).
-32
Suppose 1 = w - d - 2*d, 5*d = 2*w - 4. Let r(f) = 3*f - 5*f + f**3 + w*f - 7*f**2 + 3. Determine r(6).
-3
Let c(f) be the second derivative of f**4/12 + 2*f**3 + 9*f**2/2 + 2*f + 23. What is c(-12)?
9
Let l(y) = 3*y - 3. Let o be 9 + 1 + -4 - 0. Let w be (o/8 - 1) + (-60)/16. Calculate l(w).
-15
Let n(i) = i**2 + 3*i. Suppose 0 = -2*o - z - 3, -o + 5*z + 13 = 20. Give n(o).
-2
Let k(l) be the first derivative of -5/2*l**2 + 0*l + 9. Determine k(1).
-5
Let m(z) = -2*z**3 + 7*z**2 + 11*z - 10. Let d(t) = t**3. Let c(q) = d(q) + m(q). Calculate c(8).
14
Let y(f) = -2*f + 5*f - 5*f. Let j(d) = -d**2 + 7*d - 3. Let q = 49 + -42. Let k be j(q). Give y(k).
6
Let u(d) = -2*d**3 + 7*d**2 + 3*d + 13. Let z be u(4). Let i(n) = 5*n - 10. Let b(s) = -21*s + 41. Let v(q) = z*i(q) + 2*b(q). Calculate v(8).
16
Suppose -5*v + 10 = -5*j, -3*v + 0*v - 4*j = -13. Let u be 2*(-6 + 5) - 6. Let b = v + u. Let y(s) = -s**2 - 4*s. What is y(b)?
-5
Let c(g) = -5*g - 22*g - 2*g. What is c(1)?
-29
Suppose -8 = -4*k - 0*k. Let p(u) be the first derivative of -u**3/3 + 2*u**2 - 1. Calculate p(k).
4
Let x(v) = -4*v + 2. Suppose -5 = 5*s - w - 22, -w = 2. Suppose -3*d = -t + 2, 0 = 5*t - 2*t + s. Let n = d - 1. Calculate x(n).
10
Let r(w) be the second derivative of 1/8*w**4 + 0 + 0*w**2 + 3*w - 1/120*w**5 + 5/6*w**3. Let x(a) be the second derivative of r(a). Determine x(3).
0
Let k = -14 + 8. Let q(t) be the second derivative of -t**6/120 - t**5/12 + 5*t**4/24 - 5*t**2 - 12*t. Let i(r) be the first derivative of q(r). Calculate i(k).
6
Let f(y) = 2*y - 2. Let t = 462 + -467. Determine f(t).
-12
Suppose -15 - 789 = -6*w. Let c(z) = 131*z**2 - 2*z - z**3 - z**3 + z**3 - 1 - w*z**2. Suppose 10 = -5*k - 10*b + 5*b, 0 = -5*k + 4*b - 1. Calculate c(k).
-1
Let b(f) = 3*f**2 - f. Let w(l) = 2*l**3 + 24*l**2 - 24*l + 27. Let o be w(-13). Determine b(o).
2
Let g(c) = 9*c**3 + 3*c**2 - 6*c + 7. Let z(y) = -10*y**3 - 2*y**2 + 5*y - 8. Let q(j) = -9*g(j) - 8*z(j). What is q(-12)?
-23
Suppose 2*l + 6 = 14. Let s(k) = -7*k**3 + 9*k**2 + 7*k. Let v(z) = 15*z**3 - 19*z**2 - 14*z - 1. Let x(g) = 13*s(g) + 6*v(g). Give x(l).
6
Suppose -5*i - 2 = -2*t, 0 = -5*i + t - 5*t + 4. Let k(u) = u**3 + u**2 - u - 8. What is k(i)?
-8
Let l(x) = 11*x**3 + 2*x**2 + 5*x + 2. Let n(o) = 31*o**3 + 7*o**2 + 14*o + 6. Let y(q) = 17*l(q) - 6*n(q). Let v be (-4)/14 + (-116)/(-14). Calculate y(v).
6
Let s = -8 - -6. Let g(y) be the third derivative of -20*y**2 + 0 + 5/24*y**4 + 1/2*y**3 + 0*y. What is g(s)?
-7
Let a(s) = -s**2. Let u(m) = -2*m + 27. Let b be u(12). Suppose -1 + 5 = -2*c + 4*i, -b*i - 11 = 2*c. Give a(c).
-16
Let o(d) = -59*d + 1 + 14 + 58*d. Determine o(8).
7
Suppose 94*a - 61*a = 66. Let b(x) be the first derivative of -1/4*x**4 + 5/3*x**3 + 5/2*x**a + 4*x + 3. Give b(6).
-2
Let g = 5 - -2. Let r = g + -18. Let z(x) = -6*x**3 + 31*x**2 - 6*x + 11. Let w(v) = v**3 - 6*v**2 + v - 2. Let p(i) = r*w(i) - 2*z(i). What is p(-3)?
6
Let s(n) be the third derivative of -n**4/12 - 5*n**3/6 - 4*n**2 - 2. What is s(5)?
-15
Let s(p) = -p**2 + 6*p. Let u(h) = 3*h - 18. Let z(n) = 2*n - 18. Let j(a) = -4*u(a) + 5*z(a). Let r be j(-12). Determine s(r).
0
Let g(m) = -m**2 + 6*m + 7. Let p = 38 + -33. Let b(j) = j**2 - 5*j + 6. Let n be b(p). Determine g(n).
7
Let z(m) = -3*m. Let y(i) = i + 2. Let o be y(3). Let a be 4/(o*(-4)/(-10)). Suppose 2*r = -a, -3*l + 2*r - 1 = -0*r. Determine z(l).
3
Let r(b) = 2*b**2 - 4 + 3*b**2 + 3*b - 10*b**2 + 4*b**2 + 2*b**2. Give r(2).
6
Let i(g) = g**2 - 5*g - 5. Let h(o) be the third derivative of -o**4/12 - 2*o**3 - 5*o**2. Let n be h(5). Let v = 28 + n. Calculate i(v).
1
Let j(i) = -8*i - 4. Let v(u) = -10*u - 3. Let c(s) = -4*j(s) + 3*v(s). What is c(-10)?
-13
Let y(c) be the second derivative of c**5/20 - 2*c**4/3 - c**3/6 - 9*c**2/2 + 232*c. Calculate y(8).
-17
Let y(z) = -z**3 - 2*z**2 - 3*z - 3. Let u(w) = 7*w - 48. Let x be u(6). Suppose -4*t - 37 - 19 = 0. Let m be 32/t - x/21. Calculate y(m).
3
Let m(q) be the first derivative of 17*q**2/2 + 3*q + 237. Determine m(-3).
-48
Let h be 60/(-4) + (-60)/(-10). Let s(p) = p - 13. What is s(h)?
-22
Let r be 10/4 - 11/22. Let y(l) = -2*l**2 + 11 + 5*l**r - 4*l**2 - 12. Calculate y(2).
-5
Suppose -5*n + 30 = 4*r, n - 2*r + 18 = 2*r. Let g(j) = 11 + j**2 - 8*j + 15*j - 14 - 2*j - 3*j. Determine g(n).
5
Let x(k) = k**3 - 7*k - 8. Let n(h) = -4*h**3 + h**2 + 28*h + 33. Let v(q) = 2*n(q) + 9*x(q). What is v(-4)?
-10
Let z(b) be the third derivative of -7*b**5/20 + b**4/8 + b**3/3 - 2*b**2 + 86. Calculate z(-1).
-22
Let a(g) = g**3 - 4*g**2 + g. Let d(m) = -2*m**3 + 7*m**2 - m. Suppose -23 = -3*p + 49. Suppose p = 3*r + 9. Let c(h) = r*a(h) + 2*d(h). Calculate c(3).
-18
Suppose 0*u - 3*u = j - 20, 0 = -4*u + 4*j. Suppose 0*z = u*z + 25. Let x(h) = -5*h + 4*h**2 + 2*h**3 - h - h**3 - 2. What is x(z)?
3
Let f(p) = -3*p - 2. Let a(s) = -6*s - 5. Let j(b) = -4*a(b) + 9*f(b). Let v = -60 + 41. Let x = v + 16. Determine j(x).
11
Let q(z) = z + 2. Let w = 554 - 549. Determine q(w).
7
Let c(x) = x + 16. Let z = -63 - -49. Let s be c(z). Let j(b) = b. Determine j(s).
2
Let x(h) be the third derivative of -h**5/60 - h**4/12 + h**3/6 - 4*h**2 - 7*h. Let w(s) = -s**2 + 2. Let f be w(2). What is x(f)?
1
Let t(c) = -7*c + 3. Let k(o) = 34*o - 7. Let j(a) = 33*a - 8. Let x(h) = 5*j(h) - 4*k(h). Let g(v) = 9*t(v) + 2*x(v). Let f = 36 + -33. What is g(f)?
-12
Let t(b) = 2*b**2 - 1. Let c(z) = 6*z**2 - 9*z - 13. Let l(u) = -c(u) + 4*t(u). What is l(-5)?
14
Let c(o) = -o**3 + 3*o**2 + 2*o - 6. Let y be c(3). Let x(p) = -1 + 5 + 2*p - p + y*p. Give x(4).
8
Let x(a) = 30*a - 2. Let y = -8